{"id":1643,"date":"2014-02-13T21:22:36","date_gmt":"2014-02-13T20:22:36","guid":{"rendered":"http:\/\/miel-de-printemps.net\/WordPress3\/?page_id=1643"},"modified":"2014-03-04T16:23:08","modified_gmt":"2014-03-04T15:23:08","slug":"bio","status":"publish","type":"page","link":"http:\/\/miel-de-printemps.net\/WordPress3\/?page_id=1643","title":{"rendered":"BIO"},"content":{"rendered":"<p><a href=\"http:\/\/miel-de-printemps.net\/WordPress3\/wp-content\/uploads\/2014\/02\/spacecraft.jpg\" data-rel=\"lightbox-image-0\" data-rl_title=\"\" data-rl_caption=\"\" title=\"\"><img loading=\"lazy\" decoding=\"async\" class=\"size-full wp-image-1397 aligncenter\" alt=\"spacecraft\" src=\"http:\/\/miel-de-printemps.net\/WordPress3\/wp-content\/uploads\/2014\/02\/spacecraft.jpg\" width=\"747\" height=\"500\" data-id=\"1397\" srcset=\"http:\/\/miel-de-printemps.net\/WordPress3\/wp-content\/uploads\/2014\/02\/spacecraft.jpg 747w, http:\/\/miel-de-printemps.net\/WordPress3\/wp-content\/uploads\/2014\/02\/spacecraft-300x200.jpg 300w, http:\/\/miel-de-printemps.net\/WordPress3\/wp-content\/uploads\/2014\/02\/spacecraft-600x401.jpg 600w, http:\/\/miel-de-printemps.net\/WordPress3\/wp-content\/uploads\/2014\/02\/spacecraft-148x99.jpg 148w, http:\/\/miel-de-printemps.net\/WordPress3\/wp-content\/uploads\/2014\/02\/spacecraft-31x20.jpg 31w, http:\/\/miel-de-printemps.net\/WordPress3\/wp-content\/uploads\/2014\/02\/spacecraft-38x25.jpg 38w, http:\/\/miel-de-printemps.net\/WordPress3\/wp-content\/uploads\/2014\/02\/spacecraft-321x215.jpg 321w\" sizes=\"(max-width: 747px) 100vw, 747px\" \/><\/a><\/p>\n<p>&nbsp;<\/p>\n<div class=\"ezcol ezcol-one-half\">\n<p>Amoureux d\u2019art et de photographie les deux auteurs de Miel de Printemps ont, un jour, d\u00e9cid\u00e9 d\u2019utiliser tout ce que recelait leur sensibilit\u00e9 et leur passion inventer<br \/>\nMiel de Printemps. La po\u00e9sie photographique de Miel de Printemps prend au pi\u00e8ge les r\u00eaves et les comportements de l\u2019enfant devenu homme. Miel fait de l\u2019ours en peluche une muse pour l\u2019homme adulte, son travail interg\u00e9n\u00e9rationnel impr\u00e8gne la m\u00e9moire du public, car l\u2019ours est le t\u00e9moin de notre enfance et le meilleur colporteur de ce que nous cherchons tous \u00e0 cacher. Ces photographies d\u2019ourson envahisseurs sont aussi une caricature de l\u2019\u00eatre humain.<\/p>\n<p>Le monde selon Miel abolit les limites s\u00e9parant la photographie de l\u2019illustration, ses personnages sont mis en sc\u00e8ne pour faire rire, r\u00eaver, retrouver un peu de soi ou de l\u2019enfant que nous avons \u00e9t\u00e9 ; mais Miel de printemps s\u2019applique aussi \u00e0 ridiculiser et \u00e0 caricaturer en image ce que Jean de la Fontaine excellait \u00e0 faire en po\u00e9sie.<br \/>\nLe monde de Miel grince un peu, mais n\u2019omet jamais de faire sourire, toutes g\u00e9n\u00e9rations confondues.<\/p>\n<\/div>\n<div class=\"ezcol ezcol-one-half ezcol-last\">\n<p>Les deux artistes de Miel de Printemps vivent entre Paris, Moscou, New York et Hawaii. Les projets artistiques se concr\u00e9tisent par l\u2019effet de leur travail : La Maison Europ\u00e9enne de la Photographie, \u00e0 Paris d\u00e9tient un \u00e9dition du Monde de Miel de Printemps dans sa biblioth\u00e8que. La citadelle de Vauban, patrimoine mondial de l\u2019UNESCO a accueilli sa premi\u00e8re exposition pendant plus de deux mois, comprenant plus de 80 photographies lors des journ\u00e9es du patrimoine. Lors de la biennale de l\u2019art contemporain \u00e0 Moscou, La Galleria a re\u00e7u l\u2019exposition th\u00e9matique : Russian Hedonism, avec des formats de plus de 3 x 2 m\u00e8tres.<br \/>\nLes deux artistes de Miel de Printemps nourrissent \u00e9galement une passion pour l\u2019oc\u00e9an dans lequel le duo rivalise de tactique pour surfer les meilleures vagues. Par ailleurs, les plus grands champions de glisse ; de Kelly Slater (12x champion du monde de surf) et Luc Alphand (Champion Olympique de ski) ont tous tenu les petits poilus de Miel dans leurs bras pour la Surfrider Foundation.<\/p>\n<p>Les voyages dans le monde entier cultivent l\u2019inspiration de Miel, pour le plus grand bien de ses images et de ses id\u00e9es. Le r\u00f4le bien r\u00e9el de cet artiste bic\u00e9phale ne cesse de se d\u00e9barrasser de nos tabous, il nous prend par la main et nous projette sans peur vers un avenir plus de surprises et d\u2019esp\u00e9rance.<\/p>\n<p>Petit ourson deviendra grand, pourvu que Miel marche sur ses pas.<\/p>\n<\/div><div class=\"ezcol-divider\"><\/div>\n<p><a href=\"http:\/\/miel-de-printemps.net\/WordPress3\/wp-content\/uploads\/2014\/03\/logo-mdp-v21.jpg\" data-rel=\"lightbox-image-1\" data-rl_title=\"\" data-rl_caption=\"\" title=\"\"><img loading=\"lazy\" decoding=\"async\" class=\"alignnone size-full wp-image-1675\" alt=\"logo2-mdp\" src=\"http:\/\/miel-de-printemps.net\/WordPress3\/wp-content\/uploads\/2014\/03\/logo-mdp-v21.jpg\" width=\"1000\" height=\"735\" data-id=\"1675\" srcset=\"http:\/\/miel-de-printemps.net\/WordPress3\/wp-content\/uploads\/2014\/03\/logo-mdp-v21.jpg 1000w, http:\/\/miel-de-printemps.net\/WordPress3\/wp-content\/uploads\/2014\/03\/logo-mdp-v21-300x220.jpg 300w, http:\/\/miel-de-printemps.net\/WordPress3\/wp-content\/uploads\/2014\/03\/logo-mdp-v21-600x441.jpg 600w, http:\/\/miel-de-printemps.net\/WordPress3\/wp-content\/uploads\/2014\/03\/logo-mdp-v21-940x690.jpg 940w, http:\/\/miel-de-printemps.net\/WordPress3\/wp-content\/uploads\/2014\/03\/logo-mdp-v21-148x108.jpg 148w, http:\/\/miel-de-printemps.net\/WordPress3\/wp-content\/uploads\/2014\/03\/logo-mdp-v21-31x22.jpg 31w, http:\/\/miel-de-printemps.net\/WordPress3\/wp-content\/uploads\/2014\/03\/logo-mdp-v21-38x27.jpg 38w, http:\/\/miel-de-printemps.net\/WordPress3\/wp-content\/uploads\/2014\/03\/logo-mdp-v21-292x215.jpg 292w\" sizes=\"(max-width: 1000px) 100vw, 1000px\" \/><\/a><\/p>\n<p>&nbsp;<\/p>\n<p>&nbsp;<\/p>\n","protected":false},"excerpt":{"rendered":"<p>&nbsp; &nbsp; &nbsp;<\/p>\n","protected":false},"author":1,"featured_media":0,"parent":0,"menu_order":0,"comment_status":"open","ping_status":"open","template":"","meta":{"footnotes":""},"class_list":["post-1643","page","type-page","status-publish","hentry"],"_links":{"self":[{"href":"http:\/\/miel-de-printemps.net\/WordPress3\/index.php?rest_route=\/wp\/v2\/pages\/1643"}],"collection":[{"href":"http:\/\/miel-de-printemps.net\/WordPress3\/index.php?rest_route=\/wp\/v2\/pages"}],"about":[{"href":"http:\/\/miel-de-printemps.net\/WordPress3\/index.php?rest_route=\/wp\/v2\/types\/page"}],"author":[{"embeddable":true,"href":"http:\/\/miel-de-printemps.net\/WordPress3\/index.php?rest_route=\/wp\/v2\/users\/1"}],"replies":[{"embeddable":true,"href":"http:\/\/miel-de-printemps.net\/WordPress3\/index.php?rest_route=%2Fwp%2Fv2%2Fcomments&post=1643"}],"version-history":[{"count":15,"href":"http:\/\/miel-de-printemps.net\/WordPress3\/index.php?rest_route=\/wp\/v2\/pages\/1643\/revisions"}],"predecessor-version":[{"id":1679,"href":"http:\/\/miel-de-printemps.net\/WordPress3\/index.php?rest_route=\/wp\/v2\/pages\/1643\/revisions\/1679"}],"wp:attachment":[{"href":"http:\/\/miel-de-printemps.net\/WordPress3\/index.php?rest_route=%2Fwp%2Fv2%2Fmedia&parent=1643"}],"curies":[{"name":"wp","href":"https:\/\/api.w.org\/{rel}","templated":true}]}}